{"id":548,"date":"2026-01-28T10:46:57","date_gmt":"2026-01-28T09:46:57","guid":{"rendered":"https:\/\/www.atelierj2c.fr\/?page_id=548"},"modified":"2026-02-04T08:42:14","modified_gmt":"2026-02-04T07:42:14","slug":"548-2","status":"publish","type":"page","link":"https:\/\/www.atelierj2c.fr\/548-2\/","title":{"rendered":"Atelier J2C"},"content":{"rendered":"\n<h5 class=\"wp-block-heading\">MENTIONS L\u00c9GALES<\/h5>\n\n\n\n<p>Ce site est la propri\u00e9t\u00e9 de Jean-Christophe Cotta<br>Cr\u00e9ation du site :<a href=\"mailto:ericchevalier@free.fr\">&nbsp;<strong><u><em>JC Cotta<\/em><\/u><\/strong><\/a><br>H\u00e9bergement :&nbsp;<a href=\"http:\/\/www.ovh.com\/\" target=\"_blank\" rel=\"noreferrer noopener\"><em><u><strong>OVH<\/strong><\/u><\/em><\/a><br>Copyright : Jean-Christophe COTTA<\/p>\n\n\n\n<p><br>Le site internet atelierj2c.fr et les pr\u00e9sentes conditions g\u00e9n\u00e9rales sont soumis au droit fran\u00e7ais.<br><br>L&rsquo;ensemble du contenu de ce site est prot\u00e9g\u00e9 par la l\u00e9gislation sur le droit d&rsquo;auteur.<br>Les peintures, photographies, dessins, images, textes, ainsi que toutes les oeuvres int\u00e9gr\u00e9es dans le site sont la propri\u00e9t\u00e9 de JC Cotta.<\/p>\n\n\n\n<p>Toute reproduction, repr\u00e9sentation, utilisation, adaptation, modification, incorporation, traduction, commercialisation, publication partielles ou int\u00e9grales par quelque proc\u00e9d\u00e9 et sur quelque support que ce soit (papier, num\u00e9rique, &#8230;) sont interdites sans l\u2019autorisation \u00e9crite pr\u00e9alable de Jean-Christophe Cotta, hormis les exceptions vis\u00e9es \u00e0 l\u2019article&nbsp;<strong><em><a href=\"http:\/\/www.legifrance.gouv.fr\/affichCodeArticle.do?cidTexte=LEGITEXT000006069414&amp;idArticle=LEGIARTI000006278917&amp;dateTexte=20081211\" target=\"_blank\" rel=\"noreferrer noopener\"><u>L122.5<\/u><\/a>&nbsp;<\/em><\/strong>du Code de la Propri\u00e9t\u00e9 Intellectuelle, sous peine de constituer un d\u00e9lit de contrefa\u00e7on de droit d\u2019auteur et\/ou de dessins et mod\u00e8les et\/ou de marque, puni de deux ans d\u2019emprisonnement et de 150 000\u20ac d\u2019amende.<br><br>Si vous voulez mettre en place un lien hypertexte vers le site atelierj2c.fr, vous devez en informer Jean-Christophe Cotta dans un d\u00e9lai maximum de 30 jours apr\u00e8s la mise en place du lien.<br>Jean-Christophe Cotta ne sera en aucun cas tenue responsable du contenu ainsi que des produits ou services propos\u00e9s sur les sites auxquels le site atelierj2c.fr se trouverait li\u00e9 par des liens hypertextes ou tout autre type de lien.<br><br>Vous utilisez le site atelierj2c.fr sous votre seule et enti\u00e8re responsabilit\u00e9.<br>Jean-Christophe Cotta ne pourra en aucun cas \u00eatre tenue pour responsable des dommages directs ou indirects, tels que notamment, les pr\u00e9judices mat\u00e9riels, les pertes de donn\u00e9es ou de programme, les pr\u00e9judices financiers, r\u00e9sultant de l\u2019utilisation de ce site ou de sites qui lui sont li\u00e9s.<br><br>Jean-Christophe Cotta se r\u00e9serve le droit de modifier et de mettre \u00e0 jour, sans pr\u00e9avis, les pr\u00e9sentes mentions l\u00e9gales et tous les \u00e9l\u00e9ments, produits pr\u00e9sent\u00e9s sur le site.<br>L\u2019ensemble de ces modifications s\u2019impose aux internautes qui doivent consulter les pr\u00e9sentes Conditions G\u00e9n\u00e9rales lors de chaque connexion.<\/p>\n","protected":false},"excerpt":{"rendered":"<p>MENTIONS L\u00c9GALES Ce site est la propri\u00e9t\u00e9 de Jean-Christophe CottaCr\u00e9ation du site :&nbsp;JC CottaH\u00e9bergement :&nbsp;OVHCopyright : Jean-Christophe COTTA Le site internet atelierj2c.fr et les pr\u00e9sentes conditions g\u00e9n\u00e9rales sont soumis au droit fran\u00e7ais. L&rsquo;ensemble du contenu de ce site est prot\u00e9g\u00e9 par la l\u00e9gislation sur le droit d&rsquo;auteur.Les peintures, photographies, dessins, images, textes, ainsi que toutes&hellip; <a class=\"more-link\" href=\"https:\/\/www.atelierj2c.fr\/548-2\/\">Poursuivre la lecture <span class=\"screen-reader-text\">Atelier J2C<\/span><\/a><\/p>\n","protected":false},"author":1,"featured_media":0,"parent":0,"menu_order":0,"comment_status":"closed","ping_status":"closed","template":"","meta":{"footnotes":""},"class_list":["post-548","page","type-page","status-publish","hentry","entry"],"_links":{"self":[{"href":"https:\/\/www.atelierj2c.fr\/wp-json\/wp\/v2\/pages\/548","targetHints":{"allow":["GET"]}}],"collection":[{"href":"https:\/\/www.atelierj2c.fr\/wp-json\/wp\/v2\/pages"}],"about":[{"href":"https:\/\/www.atelierj2c.fr\/wp-json\/wp\/v2\/types\/page"}],"author":[{"embeddable":true,"href":"https:\/\/www.atelierj2c.fr\/wp-json\/wp\/v2\/users\/1"}],"replies":[{"embeddable":true,"href":"https:\/\/www.atelierj2c.fr\/wp-json\/wp\/v2\/comments?post=548"}],"version-history":[{"count":3,"href":"https:\/\/www.atelierj2c.fr\/wp-json\/wp\/v2\/pages\/548\/revisions"}],"predecessor-version":[{"id":560,"href":"https:\/\/www.atelierj2c.fr\/wp-json\/wp\/v2\/pages\/548\/revisions\/560"}],"wp:attachment":[{"href":"https:\/\/www.atelierj2c.fr\/wp-json\/wp\/v2\/media?parent=548"}],"curies":[{"name":"wp","href":"https:\/\/api.w.org\/{rel}","templated":true}]}}